{"id":362,"date":"2020-01-02T13:02:37","date_gmt":"2020-01-02T13:02:37","guid":{"rendered":"https:\/\/nhobo.com\/fundacio\/?page_id=362"},"modified":"2020-01-13T10:41:15","modified_gmt":"2020-01-13T10:41:15","slug":"la-fundacion","status":"publish","type":"page","link":"https:\/\/femlamerced.org\/es\/la-fundacion\/","title":{"rendered":"LA FUNDACI\u00d3N"},"content":{"rendered":"<p>[vc_row][vc_column][vc_single_image image=&#8221;773&#8243; img_size=&#8221;full&#8221;][\/vc_column][\/vc_row][vc_row][vc_column][vc_custom_heading text=&#8221;Historia&#8221; font_container=&#8221;tag:h2|text_align:left|color:%23fc9f00&#8243; google_fonts=&#8221;font_family:Raleway%3A100%2C200%2C300%2Cregular%2C500%2C600%2C700%2C800%2C900|font_style:400%20regular%3A400%3Anormal&#8221;][vc_column_text]<strong><span class=\"capital\">L<\/span>a Fundaci\u00f3n Educativa La Merced<\/strong> es una entidad sin \u00e1nimo de lucro creada para dotar de continuidad al proyecto educativo desarrollado por las Religiosas de Ntra. Sra. de la Merced desde 1860.<\/p>\n<p>La actividad educativa desarrollada desde hace m\u00e1s de 150 a\u00f1os participa de la visi\u00f3n carism\u00e1tica de la Orden de la Merced, nacida en el siglo XIII y destinada desde su origen a la liberaci\u00f3n de las personas cautivas.<br \/>\nEsta experiencia hist\u00f3rica y su espiritualidad configuran nuestra forma de comprender la educaci\u00f3n en el siglo XXI, como compromiso de acompa\u00f1amiento en el proceso de desarrollo integral de las personas.[\/vc_column_text][\/vc_column][\/vc_row][vc_row][vc_column][vc_custom_heading text=&#8221;La fundaci\u00f3n hoy&#8221; font_container=&#8221;tag:h2|text_align:left|color:%23fc9f00&#8243; google_fonts=&#8221;font_family:Raleway%3A100%2C200%2C300%2Cregular%2C500%2C600%2C700%2C800%2C900|font_style:400%20regular%3A400%3Anormal&#8221;][vc_column_text]<span class=\"capital\">D<\/span>eclaramos que cada ser humano es un valor en s\u00ed mismo, independientemente de su raza, ideolog\u00eda, religi\u00f3n, posici\u00f3n social, capacidad adquisitiva o cualidades personales.<\/p>\n<p>Entendemos la escuela como instituci\u00f3n al servicio de la sociedad con el reto de hacer realidad la igualdad de oportunidades.<\/p>\n<p>Apostamos por la educaci\u00f3n vivida en un ambiente de acogida familiar y un clima alegre y positivo que favorezca la proximidad, la sencillez y que fomente experiencias humanizadoras y de crecimiento personal.<\/p>\n<p>Fomentamos un modelo de comunidad educativa participativa e integradora de las necesidades, objetivos y voluntades de todos los que la forman, con la garant\u00eda de apertura y de servicio a todos los sectores sociales, especialmente a los m\u00e1s necesitados.<\/p>\n<p>Proponemos un modelo de escuela arraigada en la comunidad, conocedora de la realidad, la cultura, las costumbres y tradiciones de su entorno; una escuela que promueve la identidad de los pueblos de los que forma parte y facilita la integraci\u00f3n de todos.<\/p>\n<p>Ofrecemos a la sociedad una formaci\u00f3n cient\u00edfica, t\u00e9cnica, human\u00edstica y art\u00edstica de calidad, resultado de una inquietud permanente de innovaci\u00f3n y avance pedag\u00f3gico.<\/p>\n<p>Priorizamos <strong>la formaci\u00f3n de personas libres<\/strong> como uno de los objetivos esenciales de nuestra educaci\u00f3n. Esta opci\u00f3n b\u00e1sica nos desaf\u00eda para lograr que nuestros alumnos y alumnas:<\/p>\n<p>Adquieran gradualmente un concepto claro y aut\u00e9ntico de libertad, aprendan a hacer buen uso de su libertad y sean respetuosos con la libertad de los dem\u00e1s.<\/p>\n<p>Interioricen <strong>que la liberaci\u00f3n total de la persona se realiza en la donaci\u00f3n de s\u00ed misma en el servicio a los dem\u00e1s<\/strong>.<\/p>\n<p>Participen en la tradici\u00f3n mercedaria que contempla a Mar\u00eda de la Merced como modelo de mujer libre, creyente y comprometida con todos los procesos de liberaci\u00f3n.<\/p>\n<p>Protagonicen su propio proceso de s\u00edntesis personal entre la fe, la cultura y la vida.<\/p>\n<p>Compartan activamente nuestra esperanza de una sociedad futura sin ning\u00fan tipo de discriminaci\u00f3n.[\/vc_column_text][\/vc_column][\/vc_row]<\/p>\n","protected":false},"excerpt":{"rendered":"<p>[vc_row][vc_column][vc_single_image image=&#8221;773&#8243; img_size=&#8221;full&#8221;][\/vc_column][\/vc_row][vc_row][vc_column][vc_custom_heading text=&#8221;Historia&#8221; font_container=&#8221;tag:h2|text_align:left|color:%23fc9f00&#8243; google_fonts=&#8221;font_family:Raleway%3A100%2C200%2C300%2Cregular%2C500%2C600%2C700%2C800%2C900|font_style:400%20regular%3A400%3Anormal&#8221;][vc_column_text]La Fundaci\u00f3n Educativa La Merced es una entidad sin \u00e1nimo de lucro creada para dotar de continuidad al proyecto educativo desarrollado por las Religiosas de Ntra. Sra. de la Merced desde 1860. La actividad educativa desarrollada desde hace m\u00e1s de 150 a\u00f1os participa de la visi\u00f3n carism\u00e1tica de la Orden de la Merced, nacida en&nbsp;<a href=\"https:\/\/femlamerced.org\/es\/la-fundacion\/\">&hellip;<\/a><\/p>\n","protected":false},"author":2,"featured_media":0,"parent":0,"menu_order":0,"comment_status":"closed","ping_status":"closed","template":"template-fullwidth-no-title.php","meta":{"_monsterinsights_skip_tracking":false,"_monsterinsights_sitenote_active":false,"_monsterinsights_sitenote_note":"","_monsterinsights_sitenote_category":0,"footnotes":""},"class_list":["post-362","page","type-page","status-publish","hentry","odd"],"_links":{"self":[{"href":"https:\/\/femlamerced.org\/es\/wp-json\/wp\/v2\/pages\/362","targetHints":{"allow":["GET"]}}],"collection":[{"href":"https:\/\/femlamerced.org\/es\/wp-json\/wp\/v2\/pages"}],"about":[{"href":"https:\/\/femlamerced.org\/es\/wp-json\/wp\/v2\/types\/page"}],"author":[{"embeddable":true,"href":"https:\/\/femlamerced.org\/es\/wp-json\/wp\/v2\/users\/2"}],"replies":[{"embeddable":true,"href":"https:\/\/femlamerced.org\/es\/wp-json\/wp\/v2\/comments?post=362"}],"version-history":[{"count":17,"href":"https:\/\/femlamerced.org\/es\/wp-json\/wp\/v2\/pages\/362\/revisions"}],"predecessor-version":[{"id":364,"href":"https:\/\/femlamerced.org\/es\/wp-json\/wp\/v2\/pages\/362\/revisions\/364"}],"wp:attachment":[{"href":"https:\/\/femlamerced.org\/es\/wp-json\/wp\/v2\/media?parent=362"}],"curies":[{"name":"wp","href":"https:\/\/api.w.org\/{rel}","templated":true}]}}

LA FUNDACIÓN

<p>[vc_row][vc_column][vc_single_image image=&#8221;773&#8243; img_size=&#8221;full&#8221;][/vc_column][/vc_row][vc_row][vc_column][vc_custom_heading text=&#8221;Historia&#8221; font_container=&#8221;tag:h2|text_align:left|color:%23fc9f00&#8243; google_fonts=&#8221;font_family:Raleway%3A100%2C200%2C300%2Cregular%2C500%2C600%2C700%2C800%2C900|font_style:400%20regular%3A400%3Anormal&#8221;][vc_column_text]<strong><span class="capital">L</span>a Fundación Educativa La Merced</strong> es una entidad sin ánimo de lucro creada para dotar de continuidad al proyecto educativo desarrollado por las Religiosas de Ntra. Sra. de la Merced desde 1860.</p>
<p>La actividad educativa desarrollada desde hace más de 150 años participa de la visión carismática de la Orden de la Merced, nacida en el siglo XIII y destinada desde su origen a la liberación de las personas cautivas.<br />
Esta experiencia histórica y su espiritualidad configuran nuestra forma de comprender la educación en el siglo XXI, como compromiso de acompañamiento en el proceso de desarrollo integral de las personas.[/vc_column_text][/vc_column][/vc_row][vc_row][vc_column][vc_custom_heading text=&#8221;La fundación hoy&#8221; font_container=&#8221;tag:h2|text_align:left|color:%23fc9f00&#8243; google_fonts=&#8221;font_family:Raleway%3A100%2C200%2C300%2Cregular%2C500%2C600%2C700%2C800%2C900|font_style:400%20regular%3A400%3Anormal&#8221;][vc_column_text]<span class="capital">D</span>eclaramos que cada ser humano es un valor en sí mismo, independientemente de su raza, ideología, religión, posición social, capacidad adquisitiva o cualidades personales.</p>
<p>Entendemos la escuela como institución al servicio de la sociedad con el reto de hacer realidad la igualdad de oportunidades.</p>
<p>Apostamos por la educación vivida en un ambiente de acogida familiar y un clima alegre y positivo que favorezca la proximidad, la sencillez y que fomente experiencias humanizadoras y de crecimiento personal.</p>
<p>Fomentamos un modelo de comunidad educativa participativa e integradora de las necesidades, objetivos y voluntades de todos los que la forman, con la garantía de apertura y de servicio a todos los sectores sociales, especialmente a los más necesitados.</p>
<p>Proponemos un modelo de escuela arraigada en la comunidad, conocedora de la realidad, la cultura, las costumbres y tradiciones de su entorno; una escuela que promueve la identidad de los pueblos de los que forma parte y facilita la integración de todos.</p>
<p>Ofrecemos a la sociedad una formación científica, técnica, humanística y artística de calidad, resultado de una inquietud permanente de innovación y avance pedagógico.</p>
<p>Priorizamos <strong>la formación de personas libres</strong> como uno de los objetivos esenciales de nuestra educación. Esta opción básica nos desafía para lograr que nuestros alumnos y alumnas:</p>
<p>Adquieran gradualmente un concepto claro y auténtico de libertad, aprendan a hacer buen uso de su libertad y sean respetuosos con la libertad de los demás.</p>
<p>Interioricen <strong>que la liberación total de la persona se realiza en la donación de sí misma en el servicio a los demás</strong>.</p>
<p>Participen en la tradición mercedaria que contempla a María de la Merced como modelo de mujer libre, creyente y comprometida con todos los procesos de liberación.</p>
<p>Protagonicen su propio proceso de síntesis personal entre la fe, la cultura y la vida.</p>
<p>Compartan activamente nuestra esperanza de una sociedad futura sin ningún tipo de discriminación.[/vc_column_text][/vc_column][/vc_row]</p>

<p>[vc_row][vc_column][vc_single_image image=&#8221;773&#8243; img_size=&#8221;full&#8221;][/vc_column][/vc_row][vc_row][vc_column][vc_custom_heading text=&#8221;Historia&#8221; font_container=&#8221;tag:h2|text_align:left|color:%23fc9f00&#8243; google_fonts=&#8221;font_family:Raleway%3A100%2C200%2C300%2Cregular%2C500%2C600%2C700%2C800%2C900|font_style:400%20regular%3A400%3Anormal&#8221;][vc_column_text]La Fundación Educativa La Merced es una entidad sin ánimo de lucro creada para dotar de continuidad al proyecto educativo desarrollado por las Religiosas de Ntra. Sra. de la Merced desde 1860. La actividad educativa desarrollada desde hace más de 150 años participa de la visión carismática de la Orden de la Merced, nacida en&nbsp;<a href="https://femlamerced.org/es/la-fundacion/">&hellip;</a></p>
